{"id":363,"date":"2024-09-28T18:32:53","date_gmt":"2024-09-28T18:32:53","guid":{"rendered":"https:\/\/obsthofgriesbach.de\/?page_id=363"},"modified":"2026-03-19T10:43:16","modified_gmt":"2026-03-19T10:43:16","slug":"stellenangebote","status":"publish","type":"page","link":"https:\/\/obsthofgriesbach.de\/?page_id=363","title":{"rendered":"Stellenangebote"},"content":{"rendered":"\n<h2 class=\"wp-block-heading\"><strong>Landmaschinenmechaniker\/in<\/strong><\/h2>\n\n\n\n<p>Wir suchen f\u00fcr unser Team zum n\u00e4chstm\u00f6glichen Zeitpunkt eine\/n <strong>LandmaschinenmechanikerIn<\/strong>, <strong>KfZ-MechanikerIn oder MechatronikerIn.<\/strong><\/p>\n\n\n\n<figure class=\"wp-block-image size-full\"><img loading=\"lazy\" decoding=\"async\" width=\"591\" height=\"354\" src=\"https:\/\/obsthofgriesbach.de\/wp-content\/uploads\/2024\/09\/1-1.png\" alt=\"\" class=\"wp-image-380\" srcset=\"https:\/\/obsthofgriesbach.de\/wp-content\/uploads\/2024\/09\/1-1.png 591w, https:\/\/obsthofgriesbach.de\/wp-content\/uploads\/2024\/09\/1-1-300x180.png 300w\" sizes=\"auto, (max-width: 591px) 100vw, 591px\" \/><\/figure>\n\n\n\n<p><strong>Ihre Aufgaben:<\/strong><\/p>\n\n\n\n<ul class=\"wp-block-list\">\n<li>Wartung nach Serviceplan an Traktoren<\/li>\n\n\n\n<li>&nbsp;Reparaturen von Traktoren, Radladern, landwirtschaftlichen Anh\u00e4ngeger\u00e4ten und Arbeitsmaschinen in der eigenen Werkstatt<\/li>\n\n\n\n<li>&nbsp;Schwei\u00dfarbeiten an Fahrzeugen<\/li>\n\n\n\n<li>&nbsp;Eigenverantwortliche Bestellung von Ersatzteilen und Material<\/li>\n<\/ul>\n\n\n\n<p>Bei pers\u00f6nlichen Wunsch und Eignung k\u00f6nnen Sie uns auch bei der Arbeit auf dem Feld unterst\u00fctzen.<\/p>\n\n\n\n<p><strong>Das bringen Sie mit:<\/strong><\/p>\n\n\n\n<ul class=\"wp-block-list\">\n<li>F\u00fchrerschein B ist erforderlich, F\u00fchrerschein Klasse T und BE ist w\u00fcnschenswert<\/li>\n\n\n\n<li>Grundkenntnisse in Reparaturen<\/li>\n\n\n\n<li>Erfahrung mit Wartung und Pflege von Traktoren und landwirtschaftlichen Fahrzeugen\/Maschinen<\/li>\n\n\n\n<li>Kenntnisse im Schwei\u00dfen; Schwei\u00dfpass ist w\u00fcnschenswert<\/li>\n\n\n\n<li>Grundkenntnisse beim Umgang mit einem PC<\/li>\n<\/ul>\n\n\n\n<p><strong>Das bieten wir:<\/strong><\/p>\n\n\n\n<ul class=\"wp-block-list\">\n<li>ein unbefristetes Arbeitsverh\u00e4ltnis<\/li>\n\n\n\n<li>Gehalt deutlich \u00fcber dem Mindestlohn<\/li>\n\n\n\n<li>bezahlte \u00dcberstunden<\/li>\n<\/ul>\n\n\n\n<p>Sie haben einer der oben genannten Berufe erlernt, arbeiten bereits seit ein paar Jahren in diesem Bereich oder sind Quereinsteiger, welche eine neue Herausforderung suchen? Gerne k\u00f6nnen Sie sich gerne bei uns bewerben.<\/p>\n\n\n\n<p>Haben wir Ihr Interesse geweckt? Dann freuen wir uns auf Ihre Bewerbung!<\/p>\n\n\n\n<p>Mail: info@obsthofgriesbach.de<\/p>\n\n\n\n<p><strong>\u00dcber uns:<\/strong><br>Der Obsthof Griesbach ist ein moderner landwirtschaftlicher Familienbetrieb in Borthen vor den Toren Dresdens mit Blick \u00fcber das Dresdner Elbtal. Wir produzieren auf insgesamt 300 ha gesundes Obst in modernsten Verfahren unter umweltschonenden und nachhaltigen Bedingungen. Auf unseren B\u00e4umen wachsen \u00c4pfel, Birnen, S\u00fc\u00dfkirschen, Sauerkirschen und Pflaumen. Unser gesundes Obst wird hier vor Ort in genossenschaftlichen Lagerhallen gelagert, verpackt und an verschiede Handelsunternehmen regional sowie deutschlandweit verkauft. In unserm kleinen Ladengesch\u00e4ft in Borthen verkaufen wir einen geringen Teil unserer Erzeugnisse direkt.<\/p>\n\n\n\n<p>F\u00fcr unser Team mit 15 Mitarbeitern und 3 Auszubildenden suchen wir zum n\u00e4chstm\u00f6glichen Zeitpunkt einem&nbsp;Landmaschinenmechaniker, Kfz-Mechaniker oder Mechatroniker (m\/w\/d)<\/p>\n\n\n\n<hr class=\"wp-block-separator has-alpha-channel-opacity\"\/>\n\n\n\n<h2 class=\"wp-block-heading\"><strong>Ausbildung G\u00e4rtner\/in im Obstbau &#8211; ab 01.08.2026<\/strong><\/h2>\n\n\n\n<p>Wir als Fachbetrieb f\u00fcr Obstbau suchen zum Ausbildungsbeginn 2026 ein\/e Auszubildende\/r zum G\u00e4rtner\/in &#8211; Obstbau.<\/p>\n\n\n\n<p>G\u00e4rtner\/innen der Fachrichtung Obstbau kultivieren Obstb\u00e4ume, -str\u00e4ucher und -stauden. Zudem ernten und verkaufen sie ihre Erzeugnisse.<br>Durch geeignete Lagerung sorgen sie daf\u00fcr, dass ganzj\u00e4hrig frisches Obst angeboten werden kann.<\/p>\n\n\n\n<p><strong>Zu den konkreten Aufgabengebiet geh\u00f6rt u.a.:<\/strong><\/p>\n\n\n\n<ul class=\"wp-block-list\">\n<li>Pflanzenschutzma\u00dfnahmen im Fr\u00fchjahr,<\/li>\n\n\n\n<li>Kultivieren von Baumgeh\u00f6lzen, Bindearbeiten im Sommer,<\/li>\n\n\n\n<li>maschinelle Pflegearbeiten,<\/li>\n\n\n\n<li>Erntearbeiten im Sommer &amp; Herbst sowie<\/li>\n\n\n\n<li>Baumschnitt im Winter,<\/li>\n\n\n\n<li>Produktion von S\u00fc\u00dfkirschen, Sauerkirschen, Pflaumen, \u00c4pfeln<\/li>\n<\/ul>\n\n\n\n<p><strong>Was solltest du mitbringen?<\/strong><\/p>\n\n\n\n<ul class=\"wp-block-list\">\n<li>Interesse am Gartenbau,<\/li>\n\n\n\n<li>Motivation,<\/li>\n\n\n\n<li>Eigeninitiative,<\/li>\n\n\n\n<li>Lernbereitschaft,<\/li>\n\n\n\n<li>Teamf\u00e4higkeit sowie<\/li>\n\n\n\n<li>Zuverl\u00e4ssigkeit<\/li>\n<\/ul>\n\n\n\n<p><strong>Es werden Bewerber gesucht, die den Hauptschulabschluss erlangt haben.<br>Ber\u00fccksichtigt werden auch gern Bewerber\/innen mit einem h\u00f6heren Schulabschluss ohne Einschr\u00e4nkung auf konkrete Zensuren.<\/strong><\/p>\n\n\n\n<p><strong>Du erh\u00e4ltst von uns ein Sch\u00fclerticket f\u00fcr die Fahrten zur Berufsschule.<\/strong><\/p>\n\n\n\n<p><strong>Verg\u00fctung: Lehrlingsentgelt entsprechend \u00a717 Berufsbildungsgesetz (BBiG)Ben\u00f6tigter Schulabschluss: Hauptschulabschluss<\/strong><\/p>\n\n\n\n<p>Wir haben dein Interesse geweckt? Sende uns gerne deine Bewerbung per Mail an info@obsthofgriesbach.de. Wir freuen uns von dir zu h\u00f6ren.<\/p>\n\n\n\n<p><\/p>\n\n\n\n<p><strong>\u00dcber uns:<\/strong><br>Der Obsthof Griesbach ist ein moderner landwirtschaftlicher Familienbetrieb in Borthen vor den Toren Dresdens mit Blick \u00fcber das Dresdner Elbtal. Wir produzieren auf insgesamt 300 ha gesundes Obst in modernsten Verfahren unter umweltschonenden und nachhaltigen Bedingungen. Auf unseren B\u00e4umen wachsen \u00c4pfel, Birnen, S\u00fc\u00dfkirschen, Sauerkirschen und Pflaumen. Unser gesundes Obst wird hier vor Ort in genossenschaftlichen Lagerhallen gelagert, verpackt und an verschiede Handelsunternehmen regional sowie deutschlandweit verkauft. In unserm kleinen Ladengesch\u00e4ft in Borthen verkaufen wir einen geringen Teil unserer Erzeugnisse direkt.<\/p>\n\n\n\n<figure class=\"wp-block-image size-full is-resized\"><img loading=\"lazy\" decoding=\"async\" width=\"591\" height=\"354\" src=\"https:\/\/obsthofgriesbach.de\/wp-content\/uploads\/2024\/09\/3.png\" alt=\"\" class=\"wp-image-378\" style=\"width:694px;height:auto\" srcset=\"https:\/\/obsthofgriesbach.de\/wp-content\/uploads\/2024\/09\/3.png 591w, https:\/\/obsthofgriesbach.de\/wp-content\/uploads\/2024\/09\/3-300x180.png 300w\" sizes=\"auto, (max-width: 591px) 100vw, 591px\" \/><\/figure>\n\n\n\n<figure class=\"wp-block-image size-full\"><img loading=\"lazy\" decoding=\"async\" width=\"591\" height=\"354\" src=\"https:\/\/obsthofgriesbach.de\/wp-content\/uploads\/2024\/09\/2-1.png\" alt=\"\" class=\"wp-image-379\" srcset=\"https:\/\/obsthofgriesbach.de\/wp-content\/uploads\/2024\/09\/2-1.png 591w, https:\/\/obsthofgriesbach.de\/wp-content\/uploads\/2024\/09\/2-1-300x180.png 300w\" sizes=\"auto, (max-width: 591px) 100vw, 591px\" \/><\/figure>\n","protected":false},"excerpt":{"rendered":"<p>Landmaschinenmechaniker\/in Wir suchen f\u00fcr unser Team zum n\u00e4chstm\u00f6glichen Zeitpunkt eine\/n LandmaschinenmechanikerIn, KfZ-MechanikerIn oder MechatronikerIn. Ihre Aufgaben: Bei pers\u00f6nlichen Wunsch und Eignung k\u00f6nnen Sie uns auch bei der Arbeit auf dem Feld unterst\u00fctzen. Das bringen Sie mit: Das bieten wir: Sie haben einer der oben genannten Berufe erlernt, arbeiten bereits seit ein paar Jahren in diesem &hellip; <\/p>\n<p class=\"link-more\"><a href=\"https:\/\/obsthofgriesbach.de\/?page_id=363\" class=\"more-link\"><span class=\"screen-reader-text\">\u201eStellenangebote\u201c<\/span> weiterlesen<\/a><\/p>\n","protected":false},"author":1,"featured_media":0,"parent":0,"menu_order":0,"comment_status":"closed","ping_status":"closed","template":"","meta":{"footnotes":""},"class_list":["post-363","page","type-page","status-publish","hentry"],"_links":{"self":[{"href":"https:\/\/obsthofgriesbach.de\/index.php?rest_route=\/wp\/v2\/pages\/363","targetHints":{"allow":["GET"]}}],"collection":[{"href":"https:\/\/obsthofgriesbach.de\/index.php?rest_route=\/wp\/v2\/pages"}],"about":[{"href":"https:\/\/obsthofgriesbach.de\/index.php?rest_route=\/wp\/v2\/types\/page"}],"author":[{"embeddable":true,"href":"https:\/\/obsthofgriesbach.de\/index.php?rest_route=\/wp\/v2\/users\/1"}],"replies":[{"embeddable":true,"href":"https:\/\/obsthofgriesbach.de\/index.php?rest_route=%2Fwp%2Fv2%2Fcomments&post=363"}],"version-history":[{"count":8,"href":"https:\/\/obsthofgriesbach.de\/index.php?rest_route=\/wp\/v2\/pages\/363\/revisions"}],"predecessor-version":[{"id":418,"href":"https:\/\/obsthofgriesbach.de\/index.php?rest_route=\/wp\/v2\/pages\/363\/revisions\/418"}],"wp:attachment":[{"href":"https:\/\/obsthofgriesbach.de\/index.php?rest_route=%2Fwp%2Fv2%2Fmedia&parent=363"}],"curies":[{"name":"wp","href":"https:\/\/api.w.org\/{rel}","templated":true}]}}